{"id":5834,"date":"2021-08-10T15:16:36","date_gmt":"2021-08-10T13:16:36","guid":{"rendered":"https:\/\/bondianliving.com\/wordpress\/?page_id=5834"},"modified":"2021-09-24T14:09:42","modified_gmt":"2021-09-24T12:09:42","slug":"datenschutzbestimmungen","status":"publish","type":"page","link":"https:\/\/bondianliving.com\/wordpress\/de\/datenschutzbestimmungen\/","title":{"rendered":"Datenschutzbestimmungen"},"content":{"rendered":"\t\t<div data-elementor-type=\"wp-page\" data-elementor-id=\"5834\" class=\"elementor elementor-5834\" data-elementor-post-type=\"page\">\n\t\t\t\t\t\t<section class=\"elementor-section elementor-top-section elementor-element elementor-element-b69bf3c elementor-section-boxed elementor-section-height-default elementor-section-height-default\" data-id=\"b69bf3c\" data-element_type=\"section\">\n\t\t\t\t\t\t<div class=\"elementor-container elementor-column-gap-wider\">\n\t\t\t\t\t<div class=\"elementor-column elementor-col-33 elementor-top-column elementor-element elementor-element-0ca1a89 elementor-hidden-tablet\" data-id=\"0ca1a89\" data-element_type=\"column\">\n\t\t\t<div class=\"elementor-widget-wrap\">\n\t\t\t\t\t\t\t<\/div>\n\t\t<\/div>\n\t\t\t\t<div class=\"elementor-column elementor-col-33 elementor-top-column elementor-element elementor-element-de78e8c\" data-id=\"de78e8c\" data-element_type=\"column\">\n\t\t\t<div class=\"elementor-widget-wrap elementor-element-populated\">\n\t\t\t\t\t\t<div class=\"elementor-element elementor-element-b6b8e2c elementor-widget elementor-widget-text-editor\" data-id=\"b6b8e2c\" data-element_type=\"widget\" data-widget_type=\"text-editor.default\">\n\t\t\t\t<div class=\"elementor-widget-container\">\n\t\t\t\t\t\t\t\t\t<p><strong>DATENSCHUTZBESTIMMUNGEN<\/strong><\/p><p>Im Sinne der Bestimmungen des Gesetzes 15\/1999 vom 13. Dezember \u00fcber den Schutz personenbezogener Daten informiert Bondian Living mit CIF: B57789422 informiert den Benutzer, dass er im Besitz von Dateien mit pers\u00f6nlichen Daten ist, die im RGPD (Allgemeines Datenschutzregister) registriert sind, in dem seine Daten aufgenommen und verarbeitet werden, um die angeforderten Dienstleistungen zu erbringen und Ihnen Informationen \u00fcber unser Unternehmen zu senden, die von Interesse sein k\u00f6nnten.<\/p><p><strong>ZUSENDUNG UND REGISTRIERUNG DER PERS\u00d6NLICHEN DATEN<\/strong><br \/>Die \u00dcbermittlung der pers\u00f6nlichen Daten ist obligatorisch, um Kontakt aufzunehmen und Informationen \u00fcber die von Bondian Living angebotenen Dienstleistungen zu erhalten. Die Nichtbereitstellung der angeforderten pers\u00f6nlichen Daten oder die Nichtakzeptanz der vorliegenden Datenschutzpolitik hat zur Folge, dass Sie sich nicht anmelden, registrieren lassen oder Informationen \u00fcber diese Dienstleistungen erhalten k\u00f6nnen. In \u00dcbereinstimmung mit den Bestimmungen des Organgesetzes 15\/1999 vom 13. Dezember \u00fcber den Schutz personenbezogener Daten informieren wir Sie dar\u00fcber, dass die personenbezogenen Daten, die wir durch die \u00dcbermittlung Ihrer pers\u00f6nlichen Daten erhalten, in eine Datei aufgenommen werden, die Bondian Living mit der Adresse Calle Can Ver\u00ed 5, 07001, Palma de Mallorca geh\u00f6rt, wobei alle im K\u00f6niglichen Dekret 1720\/2007 festgelegten Sicherheitsma\u00dfnahmen umgesetzt werden.<\/p><p><strong>RICHTIGKEIT UND WAHRHAFTIGKEIT DER \u00dcBERMITTELTEN DATEN<\/strong><br \/>Der Benutzer, der die Informationen an Bondian Living sendet, ist allein f\u00fcr die Richtigkeit und Genauigkeit der enthaltenen Daten verantwortlich und entbindet Bondian Living von jeglicher Verantwortung in dieser Hinsicht.<\/p><p>Der Benutzer garantiert und ist in jedem Fall verantwortlich f\u00fcr die Richtigkeit, G\u00fcltigkeit und Authentizit\u00e4t der angegebenen pers\u00f6nlichen Daten und verpflichtet sich, diese auf dem neuesten Stand zu halten.<\/p><p>Der Benutzer verpflichtet sich, vollst\u00e4ndige und korrekte Informationen in das Registrierungs- oder Abonnementformular einzutragen.<\/p><p>Bondian Living haftet nicht f\u00fcr den Wahrheitsgehalt der Informationen, die nicht aus eigener Ausarbeitung stammen und f\u00fcr die eine andere Quelle angegeben wird, und \u00fcbernimmt daher keine Verantwortung f\u00fcr hypothetische Sch\u00e4den, die aus der Verwendung solcher Informationen entstehen k\u00f6nnen.<\/p><p>Bondian Living ist von jeglicher Haftung f\u00fcr Verluste oder Sch\u00e4den befreit, die dem Benutzer infolge von Fehlern, M\u00e4ngeln oder Auslassungen in den von Bondian Living zur Verf\u00fcgung gestellten Informationen entstehen k\u00f6nnten, sofern diese aus Quellen au\u00dferhalb von Bondian Living stammen.<\/p><p><strong>WEITERGABE VON DATEN AN DRITTE<\/strong><br \/>Bondian Living wird keine pers\u00f6nlichen Daten an Dritte weitergeben. Im Falle einer Weitergabe an einen Dritten wird jedoch eine vorherige Information erfolgen, indem die ausdr\u00fcckliche Zustimmung des Betroffenen gem\u00e4\u00df Art. 6 LOPD.<\/p><p><strong>AUS\u00dcBUNG DES RECHTS AUF AUSKUNFT, BERICHTIGUNG, L\u00d6SCHUNG UND WIDERSPRUCH<\/strong><br \/>Sie k\u00f6nnen Ihre Mitteilungen und die Aus\u00fcbung Ihrer Rechte auf Auskunft, Berichtigung, L\u00f6schung und Widerspruch per Post an die Adresse Calle Can Ver\u00ed 5, 07001, Palma de Mallorca, oder per E-Mail an die folgende Adresse senden: info@bondianliving.com, zusammen mit einem g\u00fcltigen Rechtsnachweis, z. B. einer Kopie Ihres Personalausweises, und mit dem Vermerk \u00abDATENSCHUTZ\u00bb in der Betreffzeile.<\/p><p><strong>AKZEPTANZ UND ZUSTIMMUNG<\/strong><br \/>Der Benutzer erkl\u00e4rt, \u00fcber die Bedingungen zum Schutz der pers\u00f6nlichen Daten informiert worden zu sein, und akzeptiert und stimmt der Verarbeitung derselben durch Bondian Living in der Art und Weise und zu den Zwecken zu, die in dieser Politik zum Schutz der pers\u00f6nlichen Daten angegeben sind.\u00a0<\/p><p><strong>\u00c4NDERUNGEN AN DIESER DATENSCHUTZPOLITIK<\/strong><br \/>Bondian Living beh\u00e4lt sich das Recht vor, die vorliegende Politik zu \u00e4ndern, um sie an neue Gesetzgebung oder Rechtsprechung sowie an Branchenpraktiken anzupassen. In solchen F\u00e4llen wird Bondian Living die eingef\u00fchrten \u00c4nderungen auf dieser Seite rechtzeitig vor ihrer Umsetzung bekannt geben.<\/p><p><strong>COOKIE-POLITIK<\/strong><br \/>Ein Cookie ist eine kleine Textdatei, die in Ihrem Browser gespeichert wird, wenn Sie eine beliebige Website besuchen. Ihr Nutzen besteht darin, dass sich die Website an Ihren Besuch erinnern kann, wenn Sie die Seite erneut besuchen. Cookies speichern in der Regel Informationen technischer Art, pers\u00f6nliche Pr\u00e4ferenzen, die Personalisierung von Inhalten, Nutzungsstatistiken, Links zu sozialen Netzwerken, den Zugang zu Benutzerkonten usw. Der Zweck des Cookies besteht darin, den Inhalt der Website an Ihr Profil und Ihre Bed\u00fcrfnisse anzupassen. Ohne Cookies w\u00fcrden die von einer Seite angebotenen Dienste erheblich eingeschr\u00e4nkt werden.<\/p><p><strong>COOKIES, DIE AUF DIESER WEBSITE VERWENDET WERDEN<\/strong><br \/>Nach den Richtlinien der spanischen Datenschutzbeh\u00f6rde gehen wir auf die Verwendung von Cookies, die diese Website macht, um Sie so genau wie m\u00f6glich zu informieren.<br \/>Diese Website verwendet die folgenden Cookies:<br \/>Sitzungscookies, um sicherzustellen, dass die Benutzer, die Kommentare auf dem Blog schreiben, Menschen sind und keine automatisierten Anwendungen. Dies ist zur Bek\u00e4mpfung von Spam.<br \/>Diese Website verwendet die folgenden Drittanbieter-Cookies:<br \/>Google Analytics: Speichert Cookies, um Statistiken \u00fcber den Verkehr und das Volumen der Besuche auf dieser Website zu erstellen. Durch die Nutzung dieser Website erkl\u00e4ren Sie sich mit der Bearbeitung der \u00fcber Sie erhobenen Daten durch Google einverstanden. Daher muss die Aus\u00fcbung jeglicher Rechte in diesem Zusammenhang direkt mit Google kommuniziert werden.<br \/>Soziale Netzwerke: Jedes soziale Netzwerk verwendet seine eigenen Cookies, damit Sie auf Schaltfl\u00e4chen wie Gef\u00e4llt mir oder Teilen klicken k\u00f6nnen.<\/p><p><strong>DEAKTIVIERUNG VON COOKIES<\/strong><br \/>Der Nutzer kann jederzeit \u00fcber die Einstellungen seines Browsers w\u00e4hlen, welche Cookies er auf dieser Website verwenden m\u00f6chte:<br \/>Chrome, ab http:\/\/support.google.com\/chrome\/bin\/answer.py?hl=es&amp;answer=95647<br \/>Explorer, \u00fcber http:\/\/windows.microsoft.com\/es-es\/windows7\/how-to-manage-cookies-in-internet-explorer-9<br \/>Firefox, unter http:\/\/support.mozilla.org\/es\/kb\/habilitar-y-deshabilitar-cookies-que-los-sitios-we<br \/>Safari, unter http:\/\/support.apple.com\/kb\/ph5042<\/p><p><strong>ZUS\u00c4TZLICHE HINWEISE ZU COOKIES<\/strong><br \/>Weder diese Website noch ihre gesetzlichen Vertreter sind f\u00fcr den Inhalt oder den Wahrheitsgehalt der Datenschutzrichtlinien der in dieser Cookie-Politik genannten Dritten verantwortlich.<br \/>Die Webbrowser sind f\u00fcr die Speicherung von Cookies verantwortlich, und von hier aus sollten Sie von Ihrem Recht Gebrauch machen, diese zu l\u00f6schen oder zu deaktivieren. Weder diese Website noch ihre gesetzlichen Vertreter k\u00f6nnen die korrekte oder inkorrekte Handhabung von Cookies durch die oben genannten Browser garantieren.<br \/>In einigen F\u00e4llen ist es notwendig, Cookies zu installieren, damit der Browser Ihre Entscheidung, sie nicht zu akzeptieren, nicht vergisst.<br \/>Im Falle der Cookies von Google Analytics speichert dieses Unternehmen die Cookies auf Servern in den Vereinigten Staaten und verpflichtet sich, sie nicht an Dritte weiterzugeben, es sei denn, dies ist f\u00fcr den Betrieb des Systems erforderlich oder gesetzlich vorgeschrieben. Nach Angaben von Google wird Ihre IP-Adresse nicht gespeichert. Google Inc. ist Mitglied des Safe-Harbour-Abkommens, das garantiert, dass alle \u00fcbertragenen Daten mit einem Schutzniveau behandelt werden, das den europ\u00e4ischen Vorschriften entspricht. Ausf\u00fchrliche Informationen dazu finden Sie unter diesem Link. Wenn Sie Informationen dar\u00fcber w\u00fcnschen, wie Google Cookies verwendet, folgen Sie bitte diesem Link.<br \/>Sollten Sie irgendwelche Zweifel oder Fragen zu dieser Cookie-Politik haben, z\u00f6gern Sie bitte nicht, uns \u00fcber den Kontaktbereich zu kontaktieren.<\/p>\t\t\t\t\t\t\t\t<\/div>\n\t\t\t\t<\/div>\n\t\t\t\t\t<\/div>\n\t\t<\/div>\n\t\t\t\t<div class=\"elementor-column elementor-col-33 elementor-top-column elementor-element elementor-element-7b5e542 elementor-hidden-tablet\" data-id=\"7b5e542\" data-element_type=\"column\">\n\t\t\t<div class=\"elementor-widget-wrap\">\n\t\t\t\t\t\t\t<\/div>\n\t\t<\/div>\n\t\t\t\t\t<\/div>\n\t\t<\/section>\n\t\t\t\t<\/div>\n\t\t","protected":false},"excerpt":{"rendered":"<p>DATENSCHUTZBESTIMMUNGEN Im Sinne der Bestimmungen des Gesetzes 15\/1999 vom 13. Dezember \u00fcber den Schutz personenbezogener Daten informiert Bondian Living mit CIF: B57789422 informiert den Benutzer, dass er im Besitz von Dateien mit pers\u00f6nlichen Daten ist, die im RGPD (Allgemeines Datenschutzregister) registriert sind, in dem seine Daten aufgenommen und verarbeitet werden, um die angeforderten Dienstleistungen zu [&hellip;]<\/p>\n","protected":false},"author":1001009,"featured_media":0,"parent":0,"menu_order":0,"comment_status":"closed","ping_status":"closed","template":"","meta":{"site-sidebar-layout":"no-sidebar","site-content-layout":"page-builder","ast-site-content-layout":"","site-content-style":"default","site-sidebar-style":"default","ast-global-header-display":"","ast-banner-title-visibility":"","ast-main-header-display":"disabled","ast-hfb-above-header-display":"","ast-hfb-below-header-display":"","ast-hfb-mobile-header-display":"disabled","site-post-title":"disabled","ast-breadcrumbs-content":"disabled","ast-featured-img":"disabled","footer-sml-layout":"disabled","theme-transparent-header-meta":"default","adv-header-id-meta":"","stick-header-meta":"","header-above-stick-meta":"","header-main-stick-meta":"","header-below-stick-meta":"","astra-migrate-meta-layouts":"default","ast-page-background-enabled":"default","ast-page-background-meta":{"desktop":{"background-color":"","background-image":"","background-repeat":"repeat","background-position":"center center","background-size":"auto","background-attachment":"scroll","background-type":"","background-media":"","overlay-type":"","overlay-color":"","overlay-opacity":"","overlay-gradient":""},"tablet":{"background-color":"","background-image":"","background-repeat":"repeat","background-position":"center center","background-size":"auto","background-attachment":"scroll","background-type":"","background-media":"","overlay-type":"","overlay-color":"","overlay-opacity":"","overlay-gradient":""},"mobile":{"background-color":"","background-image":"","background-repeat":"repeat","background-position":"center center","background-size":"auto","background-attachment":"scroll","background-type":"","background-media":"","overlay-type":"","overlay-color":"","overlay-opacity":"","overlay-gradient":""}},"ast-content-background-meta":{"desktop":{"background-color":"var(--ast-global-color-5)","background-image":"","background-repeat":"repeat","background-position":"center center","background-size":"auto","background-attachment":"scroll","background-type":"","background-media":"","overlay-type":"","overlay-color":"","overlay-opacity":"","overlay-gradient":""},"tablet":{"background-color":"var(--ast-global-color-5)","background-image":"","background-repeat":"repeat","background-position":"center center","background-size":"auto","background-attachment":"scroll","background-type":"","background-media":"","overlay-type":"","overlay-color":"","overlay-opacity":"","overlay-gradient":""},"mobile":{"background-color":"var(--ast-global-color-5)","background-image":"","background-repeat":"repeat","background-position":"center center","background-size":"auto","background-attachment":"scroll","background-type":"","background-media":"","overlay-type":"","overlay-color":"","overlay-opacity":"","overlay-gradient":""}},"footnotes":""},"class_list":["post-5834","page","type-page","status-publish","hentry"],"yoast_head":"<!-- This site is optimized with the Yoast SEO plugin v24.7 - https:\/\/yoast.com\/wordpress\/plugins\/seo\/ -->\n<title>Datenschutzbestimmungen &#8226; Bondian Living<\/title>\n<meta name=\"robots\" content=\"index, follow, max-snippet:-1, max-image-preview:large, max-video-preview:-1\" \/>\n<link rel=\"canonical\" href=\"https:\/\/bondianliving.com\/wordpress\/de\/datenschutzbestimmungen\/\" \/>\n<meta property=\"og:locale\" content=\"es_ES\" \/>\n<meta property=\"og:type\" content=\"article\" \/>\n<meta property=\"og:title\" content=\"Datenschutzbestimmungen &#8226; Bondian Living\" \/>\n<meta property=\"og:description\" content=\"DATENSCHUTZBESTIMMUNGEN Im Sinne der Bestimmungen des Gesetzes 15\/1999 vom 13. Dezember \u00fcber den Schutz personenbezogener Daten informiert Bondian Living mit CIF: B57789422 informiert den Benutzer, dass er im Besitz von Dateien mit pers\u00f6nlichen Daten ist, die im RGPD (Allgemeines Datenschutzregister) registriert sind, in dem seine Daten aufgenommen und verarbeitet werden, um die angeforderten Dienstleistungen zu [&hellip;]\" \/>\n<meta property=\"og:url\" content=\"https:\/\/bondianliving.com\/wordpress\/de\/datenschutzbestimmungen\/\" \/>\n<meta property=\"og:site_name\" content=\"Bondian Living\" \/>\n<meta property=\"article:publisher\" content=\"https:\/\/www.facebook.com\/bondianliving\" \/>\n<meta property=\"article:modified_time\" content=\"2021-09-24T12:09:42+00:00\" \/>\n<meta property=\"og:image\" content=\"https:\/\/bondianliving.com\/wordpress\/wp-content\/uploads\/2021\/06\/logo2_Mesa-de-trabajo-1.png\" \/>\n\t<meta property=\"og:image:width\" content=\"2709\" \/>\n\t<meta property=\"og:image:height\" content=\"2709\" \/>\n\t<meta property=\"og:image:type\" content=\"image\/png\" \/>\n<meta name=\"twitter:card\" content=\"summary_large_image\" \/>\n<meta name=\"twitter:label1\" content=\"Tiempo de lectura\" \/>\n\t<meta name=\"twitter:data1\" content=\"5 minutos\" \/>\n<script type=\"application\/ld+json\" class=\"yoast-schema-graph\">{\"@context\":\"https:\/\/schema.org\",\"@graph\":[{\"@type\":\"WebPage\",\"@id\":\"https:\/\/bondianliving.com\/wordpress\/de\/datenschutzbestimmungen\/\",\"url\":\"https:\/\/bondianliving.com\/wordpress\/de\/datenschutzbestimmungen\/\",\"name\":\"Datenschutzbestimmungen &#8226; Bondian Living\",\"isPartOf\":{\"@id\":\"https:\/\/bondianliving.com\/wordpress\/#website\"},\"datePublished\":\"2021-08-10T13:16:36+00:00\",\"dateModified\":\"2021-09-24T12:09:42+00:00\",\"breadcrumb\":{\"@id\":\"https:\/\/bondianliving.com\/wordpress\/de\/datenschutzbestimmungen\/#breadcrumb\"},\"inLanguage\":\"es\",\"potentialAction\":[{\"@type\":\"ReadAction\",\"target\":[\"https:\/\/bondianliving.com\/wordpress\/de\/datenschutzbestimmungen\/\"]}]},{\"@type\":\"BreadcrumbList\",\"@id\":\"https:\/\/bondianliving.com\/wordpress\/de\/datenschutzbestimmungen\/#breadcrumb\",\"itemListElement\":[{\"@type\":\"ListItem\",\"position\":1,\"name\":\"Projects\",\"item\":\"https:\/\/bondianliving.com\/wordpress\/\"},{\"@type\":\"ListItem\",\"position\":2,\"name\":\"Datenschutzbestimmungen\"}]},{\"@type\":\"WebSite\",\"@id\":\"https:\/\/bondianliving.com\/wordpress\/#website\",\"url\":\"https:\/\/bondianliving.com\/wordpress\/\",\"name\":\"Bondian Living\",\"description\":\"Interior Design &amp; Project Management in Mallorca\",\"publisher\":{\"@id\":\"https:\/\/bondianliving.com\/wordpress\/#organization\"},\"potentialAction\":[{\"@type\":\"SearchAction\",\"target\":{\"@type\":\"EntryPoint\",\"urlTemplate\":\"https:\/\/bondianliving.com\/wordpress\/?s={search_term_string}\"},\"query-input\":{\"@type\":\"PropertyValueSpecification\",\"valueRequired\":true,\"valueName\":\"search_term_string\"}}],\"inLanguage\":\"es\"},{\"@type\":\"Organization\",\"@id\":\"https:\/\/bondianliving.com\/wordpress\/#organization\",\"name\":\"Bondian Living\",\"url\":\"https:\/\/bondianliving.com\/wordpress\/\",\"logo\":{\"@type\":\"ImageObject\",\"inLanguage\":\"es\",\"@id\":\"https:\/\/bondianliving.com\/wordpress\/#\/schema\/logo\/image\/\",\"url\":\"https:\/\/bondianliving.com\/wordpress\/wp-content\/uploads\/2021\/02\/logo2_Mesa-de-trabajo-1.png\",\"contentUrl\":\"https:\/\/bondianliving.com\/wordpress\/wp-content\/uploads\/2021\/02\/logo2_Mesa-de-trabajo-1.png\",\"width\":2709,\"height\":2709,\"caption\":\"Bondian Living\"},\"image\":{\"@id\":\"https:\/\/bondianliving.com\/wordpress\/#\/schema\/logo\/image\/\"},\"sameAs\":[\"https:\/\/www.facebook.com\/bondianliving\",\"https:\/\/www.instagram.com\/bondian_living\/\"]}]}<\/script>\n<!-- \/ Yoast SEO plugin. -->","yoast_head_json":{"title":"Datenschutzbestimmungen &#8226; Bondian Living","robots":{"index":"index","follow":"follow","max-snippet":"max-snippet:-1","max-image-preview":"max-image-preview:large","max-video-preview":"max-video-preview:-1"},"canonical":"https:\/\/bondianliving.com\/wordpress\/de\/datenschutzbestimmungen\/","og_locale":"es_ES","og_type":"article","og_title":"Datenschutzbestimmungen &#8226; Bondian Living","og_description":"DATENSCHUTZBESTIMMUNGEN Im Sinne der Bestimmungen des Gesetzes 15\/1999 vom 13. Dezember \u00fcber den Schutz personenbezogener Daten informiert Bondian Living mit CIF: B57789422 informiert den Benutzer, dass er im Besitz von Dateien mit pers\u00f6nlichen Daten ist, die im RGPD (Allgemeines Datenschutzregister) registriert sind, in dem seine Daten aufgenommen und verarbeitet werden, um die angeforderten Dienstleistungen zu [&hellip;]","og_url":"https:\/\/bondianliving.com\/wordpress\/de\/datenschutzbestimmungen\/","og_site_name":"Bondian Living","article_publisher":"https:\/\/www.facebook.com\/bondianliving","article_modified_time":"2021-09-24T12:09:42+00:00","og_image":[{"width":2709,"height":2709,"url":"https:\/\/bondianliving.com\/wordpress\/wp-content\/uploads\/2021\/06\/logo2_Mesa-de-trabajo-1.png","type":"image\/png"}],"twitter_card":"summary_large_image","twitter_misc":{"Tiempo de lectura":"5 minutos"},"schema":{"@context":"https:\/\/schema.org","@graph":[{"@type":"WebPage","@id":"https:\/\/bondianliving.com\/wordpress\/de\/datenschutzbestimmungen\/","url":"https:\/\/bondianliving.com\/wordpress\/de\/datenschutzbestimmungen\/","name":"Datenschutzbestimmungen &#8226; Bondian Living","isPartOf":{"@id":"https:\/\/bondianliving.com\/wordpress\/#website"},"datePublished":"2021-08-10T13:16:36+00:00","dateModified":"2021-09-24T12:09:42+00:00","breadcrumb":{"@id":"https:\/\/bondianliving.com\/wordpress\/de\/datenschutzbestimmungen\/#breadcrumb"},"inLanguage":"es","potentialAction":[{"@type":"ReadAction","target":["https:\/\/bondianliving.com\/wordpress\/de\/datenschutzbestimmungen\/"]}]},{"@type":"BreadcrumbList","@id":"https:\/\/bondianliving.com\/wordpress\/de\/datenschutzbestimmungen\/#breadcrumb","itemListElement":[{"@type":"ListItem","position":1,"name":"Projects","item":"https:\/\/bondianliving.com\/wordpress\/"},{"@type":"ListItem","position":2,"name":"Datenschutzbestimmungen"}]},{"@type":"WebSite","@id":"https:\/\/bondianliving.com\/wordpress\/#website","url":"https:\/\/bondianliving.com\/wordpress\/","name":"Bondian Living","description":"Interior Design &amp; Project Management in Mallorca","publisher":{"@id":"https:\/\/bondianliving.com\/wordpress\/#organization"},"potentialAction":[{"@type":"SearchAction","target":{"@type":"EntryPoint","urlTemplate":"https:\/\/bondianliving.com\/wordpress\/?s={search_term_string}"},"query-input":{"@type":"PropertyValueSpecification","valueRequired":true,"valueName":"search_term_string"}}],"inLanguage":"es"},{"@type":"Organization","@id":"https:\/\/bondianliving.com\/wordpress\/#organization","name":"Bondian Living","url":"https:\/\/bondianliving.com\/wordpress\/","logo":{"@type":"ImageObject","inLanguage":"es","@id":"https:\/\/bondianliving.com\/wordpress\/#\/schema\/logo\/image\/","url":"https:\/\/bondianliving.com\/wordpress\/wp-content\/uploads\/2021\/02\/logo2_Mesa-de-trabajo-1.png","contentUrl":"https:\/\/bondianliving.com\/wordpress\/wp-content\/uploads\/2021\/02\/logo2_Mesa-de-trabajo-1.png","width":2709,"height":2709,"caption":"Bondian Living"},"image":{"@id":"https:\/\/bondianliving.com\/wordpress\/#\/schema\/logo\/image\/"},"sameAs":["https:\/\/www.facebook.com\/bondianliving","https:\/\/www.instagram.com\/bondian_living\/"]}]}},"_links":{"self":[{"href":"https:\/\/bondianliving.com\/wordpress\/wp-json\/wp\/v2\/pages\/5834","targetHints":{"allow":["GET"]}}],"collection":[{"href":"https:\/\/bondianliving.com\/wordpress\/wp-json\/wp\/v2\/pages"}],"about":[{"href":"https:\/\/bondianliving.com\/wordpress\/wp-json\/wp\/v2\/types\/page"}],"author":[{"embeddable":true,"href":"https:\/\/bondianliving.com\/wordpress\/wp-json\/wp\/v2\/users\/1001009"}],"replies":[{"embeddable":true,"href":"https:\/\/bondianliving.com\/wordpress\/wp-json\/wp\/v2\/comments?post=5834"}],"version-history":[{"count":10,"href":"https:\/\/bondianliving.com\/wordpress\/wp-json\/wp\/v2\/pages\/5834\/revisions"}],"predecessor-version":[{"id":5866,"href":"https:\/\/bondianliving.com\/wordpress\/wp-json\/wp\/v2\/pages\/5834\/revisions\/5866"}],"wp:attachment":[{"href":"https:\/\/bondianliving.com\/wordpress\/wp-json\/wp\/v2\/media?parent=5834"}],"curies":[{"name":"wp","href":"https:\/\/api.w.org\/{rel}","templated":true}]}}